{"id":17,"date":"2022-10-05T14:45:50","date_gmt":"2022-10-05T12:45:50","guid":{"rendered":"http:\/\/creativy-at.com\/?page_id=17"},"modified":"2023-01-17T20:32:12","modified_gmt":"2023-01-17T19:32:12","slug":"les-accompagnements","status":"publish","type":"page","link":"https:\/\/creativy-at.fr\/index.php\/les-accompagnements\/","title":{"rendered":"Les accompagnements"},"content":{"rendered":"\n<div class=\"wp-block-columns is-layout-flex wp-container-core-columns-is-layout-9d6595d7 wp-block-columns-is-layout-flex\">\n<div class=\"wp-block-column is-layout-flow wp-block-column-is-layout-flow\" style=\"flex-basis:33.33%\"><div class=\"wp-block-image\">\n<figure class=\"aligncenter size-full\"><img loading=\"lazy\" decoding=\"async\" width=\"600\" height=\"400\" src=\"http:\/\/creativy-at.com\/wp-content\/uploads\/2022\/11\/AdobeStock_538533420-2.jpeg\" alt=\"\" class=\"wp-image-252\" srcset=\"https:\/\/creativy-at.fr\/wp-content\/uploads\/2022\/11\/AdobeStock_538533420-2.jpeg 600w, https:\/\/creativy-at.fr\/wp-content\/uploads\/2022\/11\/AdobeStock_538533420-2-300x200.jpeg 300w\" sizes=\"auto, (max-width: 600px) 100vw, 600px\" \/><\/figure>\n<\/div><\/div>\n\n\n\n<div class=\"wp-block-column is-layout-flow wp-block-column-is-layout-flow\" style=\"flex-basis:66.66%\">\n<h3 class=\"has-vivid-purple-color has-text-color wp-block-heading\"><strong>Changements difficiles \u00e0 surmonter<\/strong><\/h3>\n\n\n\n<p>Certaines situations non voulues (rupture, ch\u00f4mage, passage \u00e0 la retraite, maladie, &#8230;) sont parfois difficiles \u00e0 d\u00e9passer et g\u00e9n\u00e8rent des \u00e9tats d\u2019anxi\u00e9t\u00e9, de d\u00e9prime et de mal \u00eatre. Je vous propose de d\u00e9couvrir ensemble ce qui vous emp\u00eache d\u2019avancer,  mais aussi faire le point sur les ressources sur lesquelles vous pouvez vous appuyer pour g\u00e9rer au mieux cette nouvelle situation.<\/p>\n<\/div>\n<\/div>\n\n\n\n<div class=\"wp-block-columns is-layout-flex wp-container-core-columns-is-layout-9d6595d7 wp-block-columns-is-layout-flex\">\n<div class=\"wp-block-column is-layout-flow wp-block-column-is-layout-flow\" style=\"flex-basis:33.33%\">\n<figure class=\"wp-block-image size-full\"><img loading=\"lazy\" decoding=\"async\" width=\"1024\" height=\"683\" src=\"http:\/\/creativy-at.com\/wp-content\/uploads\/2022\/11\/AdobeStock_407459172-2048x1365-1.jpeg\" alt=\"\" class=\"wp-image-259\" srcset=\"https:\/\/creativy-at.fr\/wp-content\/uploads\/2022\/11\/AdobeStock_407459172-2048x1365-1.jpeg 1024w, https:\/\/creativy-at.fr\/wp-content\/uploads\/2022\/11\/AdobeStock_407459172-2048x1365-1-300x200.jpeg 300w, https:\/\/creativy-at.fr\/wp-content\/uploads\/2022\/11\/AdobeStock_407459172-2048x1365-1-768x512.jpeg 768w\" sizes=\"auto, (max-width: 1024px) 100vw, 1024px\" \/><\/figure>\n<\/div>\n\n\n\n<div class=\"wp-block-column is-layout-flow wp-block-column-is-layout-flow\" style=\"flex-basis:66.66%\">\n<h3 class=\"has-vivid-purple-color has-text-color wp-block-heading\"><strong>Remise en mouvement<\/strong><\/h3>\n\n\n\n<p>Le mouvement c\u2019est la vie. Parfois avec le temps, la prise de poids, la maladie, on finit par ne plus avoir envie de bouger. On se scl\u00e9rose peu \u00e0 peu en ayant l\u2019impression que nous ne pouvons plus\u2026 Cette approche de la danse mouvement th\u00e9rapie permet une remise en mouvement en douceur dans le respect du corps et de ses limites pour revenir dans le vivant.<\/p>\n<\/div>\n<\/div>\n\n\n\n<div class=\"wp-block-columns is-layout-flex wp-container-core-columns-is-layout-9d6595d7 wp-block-columns-is-layout-flex\">\n<div class=\"wp-block-column is-layout-flow wp-block-column-is-layout-flow\" style=\"flex-basis:33.33%\">\n<figure class=\"wp-block-image size-full\"><img loading=\"lazy\" decoding=\"async\" width=\"1024\" height=\"683\" src=\"http:\/\/creativy-at.com\/wp-content\/uploads\/2022\/11\/AdobeStock_399340142-2048x1365-1.jpeg\" alt=\"\" class=\"wp-image-260\" srcset=\"https:\/\/creativy-at.fr\/wp-content\/uploads\/2022\/11\/AdobeStock_399340142-2048x1365-1.jpeg 1024w, https:\/\/creativy-at.fr\/wp-content\/uploads\/2022\/11\/AdobeStock_399340142-2048x1365-1-300x200.jpeg 300w, https:\/\/creativy-at.fr\/wp-content\/uploads\/2022\/11\/AdobeStock_399340142-2048x1365-1-768x512.jpeg 768w\" sizes=\"auto, (max-width: 1024px) 100vw, 1024px\" \/><figcaption class=\"wp-element-caption\">.<\/figcaption><\/figure>\n<\/div>\n\n\n\n<div class=\"wp-block-column is-layout-flow wp-block-column-is-layout-flow\" style=\"flex-basis:66.66%\">\n<h3 class=\"has-vivid-purple-color has-text-color wp-block-heading\"><strong>Connaissance de soi<\/strong><\/h3>\n\n\n\n<p>Le fait de pouvoir exp\u00e9rimenter diff\u00e9rents types d\u2019approche vous permet de d\u00e9couvrir ce qui vous convient et vous apporte de l\u2019\u00e9nergie. C\u2019est une sorte d\u2019exploration personnelle.<\/p>\n<\/div>\n<\/div>\n\n\n\n<div class=\"wp-block-columns is-layout-flex wp-container-core-columns-is-layout-9d6595d7 wp-block-columns-is-layout-flex\">\n<div class=\"wp-block-column is-layout-flow wp-block-column-is-layout-flow\" style=\"flex-basis:33.33%\">\n<figure class=\"wp-block-image size-full\"><img loading=\"lazy\" decoding=\"async\" width=\"1024\" height=\"683\" src=\"http:\/\/creativy-at.com\/wp-content\/uploads\/2022\/11\/AdobeStock_99943828-2048x1024-1.jpeg\" alt=\"\" class=\"wp-image-256\" srcset=\"https:\/\/creativy-at.fr\/wp-content\/uploads\/2022\/11\/AdobeStock_99943828-2048x1024-1.jpeg 1024w, https:\/\/creativy-at.fr\/wp-content\/uploads\/2022\/11\/AdobeStock_99943828-2048x1024-1-300x200.jpeg 300w, https:\/\/creativy-at.fr\/wp-content\/uploads\/2022\/11\/AdobeStock_99943828-2048x1024-1-768x512.jpeg 768w\" sizes=\"auto, (max-width: 1024px) 100vw, 1024px\" \/><\/figure>\n<\/div>\n\n\n\n<div class=\"wp-block-column is-layout-flow wp-block-column-is-layout-flow\" style=\"flex-basis:66.66%\">\n<h3 class=\"has-vivid-purple-color has-text-color wp-block-heading\"><strong>Reconnexion \u00e0 soi<\/strong><\/h3>\n\n\n\n<p>Etre dans l\u2019instant pr\u00e9sent, dans sa \u00ab&nbsp;bulle&nbsp;\u00bb, permet de se reconnecter \u00e0 son corps, ses besoins propres, \u00e0 \u00e9couter cette petite voix qui sait ce qui est bon pour nous.<\/p>\n<\/div>\n<\/div>\n\n\n\n<p><\/p>\n\n\n\n<div class=\"wp-block-columns is-layout-flex wp-container-core-columns-is-layout-9d6595d7 wp-block-columns-is-layout-flex\">\n<div class=\"wp-block-column is-layout-flow wp-block-column-is-layout-flow\" style=\"flex-basis:33.33%\">\n<figure class=\"wp-block-image size-full\"><img loading=\"lazy\" decoding=\"async\" width=\"1024\" height=\"683\" src=\"http:\/\/creativy-at.com\/wp-content\/uploads\/2022\/11\/AdobeStock_498836611-2048x1044-1.jpeg\" alt=\"\" class=\"wp-image-257\" srcset=\"https:\/\/creativy-at.fr\/wp-content\/uploads\/2022\/11\/AdobeStock_498836611-2048x1044-1.jpeg 1024w, https:\/\/creativy-at.fr\/wp-content\/uploads\/2022\/11\/AdobeStock_498836611-2048x1044-1-300x200.jpeg 300w, https:\/\/creativy-at.fr\/wp-content\/uploads\/2022\/11\/AdobeStock_498836611-2048x1044-1-768x512.jpeg 768w\" sizes=\"auto, (max-width: 1024px) 100vw, 1024px\" \/><\/figure>\n<\/div>\n\n\n\n<div class=\"wp-block-column is-layout-flow wp-block-column-is-layout-flow\" style=\"flex-basis:66.66%\">\n<h3 class=\"has-vivid-purple-color has-text-color wp-block-heading\"><strong>Confiance et estime de soi<\/strong><\/h3>\n\n\n\n<p>La confiance et l\u2019estime de soi sont parfois mis \u00e0 mal suite \u00e0 certains \u00e9checs ou ce que l\u2019on consid\u00e8re comme tels. A l\u2019aide d\u2019exercices adapt\u00e9s, nous apprendrons \u00e0 red\u00e9couvrir la confiance et \u00e0 nous apporter beaucoup de bienveillance.<\/p>\n<\/div>\n<\/div>\n\n\n\n<div class=\"wp-block-columns is-layout-flex wp-container-core-columns-is-layout-9d6595d7 wp-block-columns-is-layout-flex\">\n<div class=\"wp-block-column is-layout-flow wp-block-column-is-layout-flow\" style=\"flex-basis:33.33%\">\n<figure class=\"wp-block-image size-full\"><img loading=\"lazy\" decoding=\"async\" width=\"1024\" height=\"687\" src=\"http:\/\/creativy-at.com\/wp-content\/uploads\/2022\/11\/AdobeStock_223833539-2048x1374-1.jpeg\" alt=\"\" class=\"wp-image-261\" srcset=\"https:\/\/creativy-at.fr\/wp-content\/uploads\/2022\/11\/AdobeStock_223833539-2048x1374-1.jpeg 1024w, https:\/\/creativy-at.fr\/wp-content\/uploads\/2022\/11\/AdobeStock_223833539-2048x1374-1-300x201.jpeg 300w, https:\/\/creativy-at.fr\/wp-content\/uploads\/2022\/11\/AdobeStock_223833539-2048x1374-1-768x515.jpeg 768w\" sizes=\"auto, (max-width: 1024px) 100vw, 1024px\" \/><\/figure>\n<\/div>\n\n\n\n<div class=\"wp-block-column is-layout-flow wp-block-column-is-layout-flow\" style=\"flex-basis:66.66%\">\n<h3 class=\"has-vivid-purple-color has-text-color wp-block-heading\"><strong>Gestion du stress<\/strong><\/h3>\n\n\n\n<p>A l\u2019aide d&rsquo;outils sp\u00e9cifiques, je vous propose d&rsquo;apprendre \u00e0 ma\u00eetriser votre stress et vivre plus sereinement les d\u00e9fis qui sont les v\u00f4tres.<\/p>\n<\/div>\n<\/div>\n\n\n\n<div class=\"wp-block-columns is-layout-flex wp-container-core-columns-is-layout-9d6595d7 wp-block-columns-is-layout-flex\">\n<div class=\"wp-block-column is-layout-flow wp-block-column-is-layout-flow\" style=\"flex-basis:33.33%\">\n<figure class=\"wp-block-image size-full\"><img loading=\"lazy\" decoding=\"async\" width=\"1024\" height=\"683\" src=\"http:\/\/creativy-at.com\/wp-content\/uploads\/2022\/11\/AdobeStock_492242885-2-1.jpeg\" alt=\"\" class=\"wp-image-262\" srcset=\"https:\/\/creativy-at.fr\/wp-content\/uploads\/2022\/11\/AdobeStock_492242885-2-1.jpeg 1024w, https:\/\/creativy-at.fr\/wp-content\/uploads\/2022\/11\/AdobeStock_492242885-2-1-300x200.jpeg 300w, https:\/\/creativy-at.fr\/wp-content\/uploads\/2022\/11\/AdobeStock_492242885-2-1-768x512.jpeg 768w\" sizes=\"auto, (max-width: 1024px) 100vw, 1024px\" \/><\/figure>\n<\/div>\n\n\n\n<div class=\"wp-block-column is-layout-flow wp-block-column-is-layout-flow\" style=\"flex-basis:66.66%\">\n<h3 class=\"has-vivid-purple-color has-text-color wp-block-heading\"><strong>Anxi\u00e9t\u00e9<\/strong><\/h3>\n\n\n\n<p>Comme pour le stress, vous apprendrez \u00e0 d\u00e9tecter votre anxi\u00e9t\u00e9 et vous ancrer dans l\u2019instant pr\u00e9sent. Nous nous interrogerons \u00e9galement sur les croyances parfois anciennes qui alt\u00e8rent votre jugement.<\/p>\n<\/div>\n<\/div>\n\n\n\n<div class=\"wp-block-columns is-layout-flex wp-container-core-columns-is-layout-9d6595d7 wp-block-columns-is-layout-flex\">\n<div class=\"wp-block-column is-layout-flow wp-block-column-is-layout-flow\" style=\"flex-basis:33.33%\">\n<figure class=\"wp-block-image size-full\"><img loading=\"lazy\" decoding=\"async\" width=\"1024\" height=\"699\" src=\"http:\/\/creativy-at.com\/wp-content\/uploads\/2022\/11\/AdobeStock_40453190-2048x1397-1.jpeg\" alt=\"\" class=\"wp-image-263\" srcset=\"https:\/\/creativy-at.fr\/wp-content\/uploads\/2022\/11\/AdobeStock_40453190-2048x1397-1.jpeg 1024w, https:\/\/creativy-at.fr\/wp-content\/uploads\/2022\/11\/AdobeStock_40453190-2048x1397-1-300x205.jpeg 300w, https:\/\/creativy-at.fr\/wp-content\/uploads\/2022\/11\/AdobeStock_40453190-2048x1397-1-768x524.jpeg 768w\" sizes=\"auto, (max-width: 1024px) 100vw, 1024px\" \/><\/figure>\n<\/div>\n\n\n\n<div class=\"wp-block-column is-layout-flow wp-block-column-is-layout-flow\" style=\"flex-basis:66.66%\">\n<h3 class=\"has-vivid-purple-color has-text-color wp-block-heading\"><strong>Maladies, deuil, rupture<\/strong><\/h3>\n\n\n\n<p>La vie nous apporte souvent des \u00e9preuves qui, sur le moment, nous semblent insurmontables. Avec le recul et en s\u2019appuyant sur nos forces, on s\u2019aper\u00e7oit parfois que c\u2019\u00e9tait une \u00e9tape utile et qu&rsquo;il y a un cadeau cach\u00e9 qui va nous permettre de grandir et d\u2019\u00e9voluer sur notre chemin.<\/p>\n<\/div>\n<\/div>\n\n\n\n<div class=\"wp-block-buttons is-content-justification-center is-layout-flex wp-container-core-buttons-is-layout-16018d1d wp-block-buttons-is-layout-flex\">\n<div class=\"wp-block-button\"><a class=\"wp-block-button__link has-black-color has-text-color has-background wp-element-button\" style=\"border-radius:100px;background-color:#e7e3fc\">Prendre contact<\/a><\/div>\n<\/div>\n","protected":false},"excerpt":{"rendered":"<p>Changements difficiles \u00e0 surmonter Certaines situations non voulues (rupture, ch\u00f4mage, passage \u00e0 la retraite, maladie, &#8230;) sont parfois difficiles \u00e0 d\u00e9passer et g\u00e9n\u00e8rent des \u00e9tats d\u2019anxi\u00e9t\u00e9, de d\u00e9prime et de mal \u00eatre. Je vous propose de d\u00e9couvrir ensemble ce qui vous emp\u00eache d\u2019avancer, mais aussi faire le point sur les ressources sur lesquelles vous pouvez [&hellip;]<\/p>\n","protected":false},"author":1,"featured_media":233,"parent":0,"menu_order":0,"comment_status":"closed","ping_status":"closed","template":"","meta":{"footnotes":""},"class_list":["post-17","page","type-page","status-publish","has-post-thumbnail","hentry"],"_links":{"self":[{"href":"https:\/\/creativy-at.fr\/index.php\/wp-json\/wp\/v2\/pages\/17","targetHints":{"allow":["GET"]}}],"collection":[{"href":"https:\/\/creativy-at.fr\/index.php\/wp-json\/wp\/v2\/pages"}],"about":[{"href":"https:\/\/creativy-at.fr\/index.php\/wp-json\/wp\/v2\/types\/page"}],"author":[{"embeddable":true,"href":"https:\/\/creativy-at.fr\/index.php\/wp-json\/wp\/v2\/users\/1"}],"replies":[{"embeddable":true,"href":"https:\/\/creativy-at.fr\/index.php\/wp-json\/wp\/v2\/comments?post=17"}],"version-history":[{"count":26,"href":"https:\/\/creativy-at.fr\/index.php\/wp-json\/wp\/v2\/pages\/17\/revisions"}],"predecessor-version":[{"id":314,"href":"https:\/\/creativy-at.fr\/index.php\/wp-json\/wp\/v2\/pages\/17\/revisions\/314"}],"wp:featuredmedia":[{"embeddable":true,"href":"https:\/\/creativy-at.fr\/index.php\/wp-json\/wp\/v2\/media\/233"}],"wp:attachment":[{"href":"https:\/\/creativy-at.fr\/index.php\/wp-json\/wp\/v2\/media?parent=17"}],"curies":[{"name":"wp","href":"https:\/\/api.w.org\/{rel}","templated":true}]}}